*s**3 + 2*s**2 + 2*s - 2. Let n(r) = 2*r**3 + 2*r**2 + 2*r - 1. Let a(w) = 2*m(w) - 3*n(w). List the prime factors of a(-2).
11
Suppose 2*v - 7*v = 20. What are the prime factors of v/(8/(-14)) + 2?
3
Let v(a) = 2*a + 1. Let s be v(2). Suppose -n = -2*n. Suppose -12 = -2*j + 2*c, n*j + 2*c = -s*j + 16. List the prime factors of j.
2
Suppose 0 = 3*j - 4*z + 13, 20 = -z + 6*z. Let c be (-1 - -3) + -1 + j. Suppose c*s - m + 0*m = 15, 0 = 3*s + 5*m + 10. What are the prime factors of s?
5
Suppose 0 = 2*q - 5*c + 12, q + 2*q + 2*c + 18 = 0. Let u be 30/(-4)*8/q. Suppose 6 = 4*l - u. What are the prime factors of l?
2
Suppose -4*s + 2 + 18 = 0. Suppose -2*b - 5 = s*a, -3*a + 0*b = b + 3. Let q = a + 4. List the prime factors of q.
3
Let l be (-4)/18 + (-20)/(-9). Let d = 17 - -1. Suppose -l*i + d = i. What are the prime factors of i?
2, 3
Let h(l) = -5*l + 8. Let f be h(-7). Suppose -218 = -5*b - f. List the prime factors of b.
5, 7
Suppose 33 = 4*n - 31. Suppose v - 2*b = 5*v - n, -5*v - 3*b = -22. List the prime factors of v.
2
Suppose -4*a + 15 = -13. Let z(r) = 3*r - 3. What are the prime factors of z(a)?
2, 3
Let r(x) be the first derivative of x**3/3 + x**2/2 - 2*x + 3. What are the prime factors of r(6)?
2, 5
Suppose -39*j + 25 = -38*j. List the prime factors of j.
5
Let c(o) = -o**3 - 3*o**2 + 5*o + 13. List the prime factors of c(-6).
7, 13
Let o = -9 - -13. Suppose -o*z + 12 = -z. What are the prime factors of z?
2
Suppose 3*a = -a + 100. Suppose 4*u = -5*r - 0 + a, -4*r - 1 = -u. What are the prime factors of u?
5
Let u(q) = -4*q**2 + q + 1. Let k be u(-1). List the prime factors of 730/40 - (-1)/k.
2, 3
Let b be (-8)/(-5) + 12/30. Let u(p) = p + 2 - b*p + 6. List the prime factors of u(0).
2
Let s be (-2)/(2/(-1*2)). Let q(g) = 0 + 1 + s*g + 0 + g**3 - 4*g**2. What are the prime factors of q(4)?
3
Suppose 0 = -b + 2*b - 30. What are the prime factors of b?
2, 3, 5
Let n = -8 - -4. Let z be 96/7 - n/14. Suppose -1 = -5*w + 2*x + 17, -w - z = 4*x. What are the prime factors of w?
2
Let w = 6 - 20. Let t = w - -24. List the prime factors of t.
2, 5
Let m = 24 + -45. Let r = -10 - -39. Let t = r + m. List the prime factors of t.
2
Let y(u) = u + 5. Let l be y(-5). List the prime factors of -2 + 9 - l/(-2).
7
Suppose 4*x = -4 - 8. Let v = 7 + x. List the prime factors of v.
2
Suppose -c + 3*l = -14 - 1, -5*l - 15 = 0. Let p be (2/(-2) + 1)/(-2). Let a = p + c. What are the prime factors of a?
2, 3
List the prime factors of 82 + 0 - (2 + 3).
7, 11
Let n = 46 + 29. List the prime factors of n.
3, 5
Suppose m - 10 = -4*m. List the prime factors of 12 + (1 - 1) + m.
2, 7
Let j = -175 + 256. What are the prime factors of j?
3
What are the prime factors of -3*1830/(-25) + 4/10?
2, 5, 11
Let w(x) = 7*x - 12. Let k be w(9). Let o = -28 + k. What are the prime factors of o?
23
Suppose -y - 4*y + 35 = 2*o, -2*o - y = -23. What are the prime factors of o?
2, 5
Suppose -3*n = -4*n. Let r(m) = m**2. Let o be r(n). Suppose h + 5*w - 18 = o, -h + 2*w + 2 = -w. List the prime factors of h.
2
Let l be -12*(-1 + 3)*4/(-16). Let s(r) = 4*r**2 - 2*r**2 - r**2 - 5*r + 2. List the prime factors of s(l).
2
Let v = -25 - -37. Suppose 0 = -2*z + 5*z - v. What are the prime factors of z?
2
Let q = -1 + 1. Suppose 0 = -2*u - q*u - 4, 3*u = 5*s - 16. Suppose -s*m - 4*d + 42 = 0, 5*m + 0*m - 5*d = 30. List the prime factors of m.
11
Let x(o) = o**3 + 5*o**2 - 6*o + 7. Let m be x(-5). Suppose 5*g = 123 + m. Suppose -v - v + g = 0. List the prime factors of v.
2
Suppose 0 = -3*x + 3*r + 360, -5*x + 215 = -3*x + 3*r. Suppose -h - 3*i - i = -23, i + x = 5*h. List the prime factors of h.
23
Suppose 0 = -4*u - 5*y + 1233, 4*u - 7*u + 916 = 2*y. What are the prime factors of u?
2, 151
Let y(o) = -26*o - 45. List the prime factors of y(-9).
3, 7
Let a(i) = -7*i**3 - 11*i**2 + i - 5. Let q(o) = 3*o**3 + 5*o**2 + 2. Let g(s) = -2*a(s) - 5*q(s). What are the prime factors of g(-4)?
2, 3
Let g(z) = -2*z**3 - 7*z**2 - 4*z - 3. Let a(l) = l**3 + l**2 + 1. Let h(r) = -3*a(r) - g(r). What are the prime factors of h(3)?
3, 7
Let j be 1/4 - 9/(-12). List the prime factors of (j - 13)/((-3)/2).
2
Let y(z) = 21*z**3 + z**2 - 2*z. What are the prime factors of y(1)?
2, 5
Let u be -5 + (-1)/1*-1. Let t(g) = 2*g**3 - 4*g**3 - 2*g**2 + 7*g + 2*g**3 + 5 - g**3. List the prime factors of t(u).
3
Let p be -5 - -3 - 1*4. Let h = 9 + p. Suppose 3*y + h*k = 4*k + 40, -2*k - 8 = 0. List the prime factors of y.
2, 3
Let o = -13 - -8. Let z be (-2)/o*(-6 - -1). List the prime factors of -1 - (-5 - z) - -1.
3
What are the prime factors of (23/(-4))/((-2)/264*3)?
11, 23
Let l = 63 - 60. List the prime factors of l.
3
Let h = 7 + -3. Suppose 4*a = 3*a + h*t - 2, -2 = -2*a + 2*t. What are the prime factors of a?
2
Let v(r) = -41*r + 9. What are the prime factors of v(-3)?
2, 3, 11
Suppose 3*h + 0 = c - 2, 2*c = h + 9. Suppose 9*t - 4*d - 41 = 4*t, -3*t - c*d + 32 = 0. What are the prime factors of t?
3
Let q = 55 - 23. Suppose 0 = 2*u - 4*u + q. What are the prime factors of u?
2
Let w be 14/2 + (4 - 2). Let r = -2 + w. List the prime factors of r.
7
Let w be 1*(4 + 4/(-2)). Suppose 18 = 2*t - w. What are the prime factors of t?
2, 5
Suppose 4*w + 6 = -3*z - 14, -z - 3*w - 15 = 0. What are the prime factors of (8 - z) + -1*3?
5
Suppose 649 + 1055 = 6*v. What are the prime factors of v?
2, 71
Let y(g) be the third derivative of -19*g**4/24 - g**3/2 - 2*g**2. Let c be y(5). What are the prime factors of c/(-10) - (-1)/5?
2, 5
Let r = 43 + -20. What are the prime factors of r?
23
Let f(i) = i**2 - 11*i + 27. What are the prime factors of f(8)?
3
Suppose 5*t - 113 = -8. Let m = 39 - t. List the prime factors of m.
2, 3
Let u be (-24)/(-4)*(-1)/(-3). Suppose -4*h + u*h + 14 = 0. Suppose -1 - h = -2*z. List the prime factors of z.
2
Suppose -4*w = -127 - 205. What are the prime factors of w?
83
Let w = -25 + 23. Let b = 6 - 8. What are the prime factors of (-1)/w + (-25)/b?
13
Let c = 5 + -3. Let d be (-9)/c*4/(-6). Let v = 0 + d. What are the prime factors of v?
3
Let j(x) = x**3 - 7*x**2 - x - 7. Let n be j(7). Let g = 8 - n. What are the prime factors of g?
2, 11
Let a(t) be the third derivative of t**6/120 + t**5/20 + t**4/24 + 3*t**2. What are the prime factors of a(-2)?
2
Suppose -289 = -3*j - 88. What are the prime factors of j?
67
Let j be 2/5 + (-46)/(-10). Suppose 23 + 32 = 3*x + j*i, 5*x = 3*i + 35. List the prime factors of x.
2, 5
Let h(m) = 3*m**3 + 13*m**2 + 5. Let d(b) = -2*b**3 - 7*b**2 - 3. Let r(q) = 5*d(q) + 3*h(q). List the prime factors of r(2).
2
Suppose -z - 3*m = -36, -m = -5*z + m + 95. Suppose 4*t - z = t. What are the prime factors of t?
7
Suppose -2*h = -3*h. Suppose -2*m - 2 = 0, h*m - 19 = -4*z - 5*m. List the prime factors of z.
2, 3
Suppose 5*j - 57 - 63 = 0. List the prime factors of j.
2, 3
What are the prime factors of 568/20 - (-6)/10?
29
Let x be ((-4)/3)/((-4)/30). Let y be (12/(-10))/((-4)/x). Suppose -2*t + 5*p = -19, -2*t + 4*p = y*t - 73. List the prime factors of t.
17
Let v(u) = -u**2 - 22*u - 17. List the prime factors of v(-17).
2, 17
Let a(f) = f**3 + 7*f**2 + 5*f. Let s be a(-4). Suppose 2*u + 0*u + s = 0. What are the prime factors of 232/28 - (-4)/u?
2
Let o(y) = y**3 + 8*y**2 + 10*y + 13. Let l be o(-6). Let j = -19 + l. What are the prime factors of j?
2, 3
Suppose o = -2*o - 4*n + 11, 0 = 4*n + 4. What are the prime factors of 4/10 + 53/o?
11
Let l(y) = y**3 + 12*y**2 + 11*y + 7. Let w be l(-11). List the prime factors of -4 + w/((-21)/(-156)).
2, 3
Let z be -1*4*(-2)/(-4). Let l be 1 - z*(-2)/(-4). Suppose -g = -d + 1, -2*g = l*g - 12. What are the prime factors of d?
2
Suppose -3*o - 27 = -3*v, 4*v - 47 + 7 = 5*o. What are the prime factors of (1 + 21/(-6))*o?
2, 5
Let p(g) = 15*g**3 - g**2 + 1. Let z be p(1). Let d = 29 - z. List the prime factors of d.
2, 7
Let x(p) = p - 2*p + 4*p. What are the prime factors of x(7)?
3, 7
Let y(p) = 4*p + 1. Let t be y(-4). Let d = -11 - t. Suppose -d = -o - o. List the prime factors of o.
2
Let o(p) = 20*p**2 + 4*p - 3. Let z be o(2). Suppose s = -29 + z. What are the prime factors of s?
2, 7
Let z be (2/(-1) + 2)/2. Suppose z = 3*c - c. Suppose c*l - l + 5*q - 2 = 0, -5*l + 16 = q. What are the prime factors of l?
